{"id":538,"date":"2021-06-14T18:03:46","date_gmt":"2021-06-14T16:03:46","guid":{"rendered":"https:\/\/vergedelcastell.com\/?page_id=538"},"modified":"2021-06-14T18:04:24","modified_gmt":"2021-06-14T16:04:24","slug":"politica-de-cookies","status":"publish","type":"page","link":"https:\/\/vergedelcastell.com\/?page_id=538","title":{"rendered":"Pol\u00edtica de Cookies"},"content":{"rendered":"<p>[et_pb_section fb_built=\u00bb1&#8243; admin_label=\u00bbsection\u00bb _builder_version=\u00bb3.22&#8243;][et_pb_row admin_label=\u00bbrow\u00bb _builder_version=\u00bb3.25&#8243; background_size=\u00bbinitial\u00bb background_position=\u00bbtop_left\u00bb background_repeat=\u00bbrepeat\u00bb][et_pb_column type=\u00bb4_4&#8243; _builder_version=\u00bb3.25&#8243; custom_padding=\u00bb|||\u00bb custom_padding__hover=\u00bb|||\u00bb][et_pb_text admin_label=\u00bbText\u00bb _builder_version=\u00bb4.9.4&#8243; background_size=\u00bbinitial\u00bb background_position=\u00bbtop_left\u00bb background_repeat=\u00bbrepeat\u00bb hover_enabled=\u00bb0&#8243; sticky_enabled=\u00bb0&#8243;]<\/p>\n<div class=\"cli_pg_page_contaner\">\n<h3>Sobre aquesta pol\u00edtica de cookies<\/h3>\n<div>Aquesta pol\u00edtica de cookies explica qu\u00e8 s\u00f3n les cookies i com les fem servir, els tipus de cookies que fem servir, \u00e9s a dir, la informaci\u00f3 que recopilem mitjan\u00e7ant cookies i com s\u2019utilitza aquesta informaci\u00f3 i com controlar les prefer\u00e8ncies de cookies. Per obtenir m\u00e9s informaci\u00f3 sobre com fem servir, emmagatzemem i mantenim segures les vostres dades personals, consulteu la nostra Pol\u00edtica de privadesa. Podeu canviar o retirar el vostre consentiment en qualsevol moment de la Declaraci\u00f3 de cookies del nostre lloc web.Obteniu m\u00e9s informaci\u00f3 sobre qui som, com podeu contactar amb nosaltres i com processem les dades personals a la nostra Pol\u00edtica de privadesa. El vostre consentiment s\u2019aplica als dominis seg\u00fcents: vergedelcastell.com[user_consent_state]<\/div>\n<h3>Que son les cookies ?<\/h3>\n<div>\n<p id=\"tw-target-text\" class=\"tw-data-text tw-text-large XcVN5d tw-ta\" dir=\"ltr\" data-placeholder=\"Traducci\u00f3\"><span class=\"Y2IQFc\" lang=\"ca\">Les cookies s\u00f3n petits fitxers de text que s\u2019utilitzen per emmagatzemar petites dades. S\u2019emmagatzemen al dispositiu quan es carrega el lloc web al navegador. Aquestes cookies ens ajuden a fer que el lloc web funcioni correctament, a fer-lo m\u00e9s segur, a proporcionar una millor experi\u00e8ncia d\u2019usuari i a entendre com funciona el lloc web i analitzar qu\u00e8 funciona i on necessita una millora.<\/span><\/p>\n<\/div>\n<h3>Com utilitzem les cookies ?<\/h3>\n<div>\n<p class=\"tw-data-text tw-text-large XcVN5d tw-ta\" data-placeholder=\"Traducci\u00f3\" id=\"tw-target-text\" dir=\"ltr\"><span class=\"Y2IQFc\" lang=\"ca\">Com la majoria dels serveis en l\u00ednia, el nostre lloc web utilitza cookies pr\u00f2pies i de tercers per a diversos prop\u00f2sits. Les galetes pr\u00f2pies s\u00f3n b\u00e0sicament necess\u00e0ries perqu\u00e8 el lloc web funcioni correctament i no recopilen cap de les vostres dades d\u2019identificaci\u00f3 personal. Les cookies de tercers que s\u2019utilitzen al nostre lloc web serveixen principalment per entendre el funcionament del lloc web, com interactueu amb el nostre lloc web, mantenir segurs els nostres serveis, proporcionar anuncis rellevants per a vosaltres i, en definitiva, proporcionar-vos un usuari millor i millorat. experimentar i ajudar a accelerar les seves futures interaccions amb el nostre lloc web.<\/span><\/p>\n<\/div>\n<h3>Quins tipus de cookies utilitzem ?<\/h3>\n<div>\n<p class=\"tw-data-text tw-text-large XcVN5d tw-ta\" data-placeholder=\"Traducci\u00f3\" id=\"tw-target-text\" dir=\"ltr\"><span class=\"Y2IQFc\" lang=\"ca\">Essencial: algunes cookies s\u00f3n essencials perqu\u00e8 pugueu experimentar la funcionalitat completa del nostre lloc. Ens permeten mantenir sessions d\u2019usuaris i prevenir amenaces de seguretat. No recopilen ni emmagatzemen cap informaci\u00f3 personal. Per exemple, aquestes galetes us permeten iniciar la sessi\u00f3 al vostre compte i afegir productes a la cistella i fer la compra de forma segura. <\/span><\/p>\n<p class=\"tw-data-text tw-text-large XcVN5d tw-ta\" data-placeholder=\"Traducci\u00f3\" dir=\"ltr\"><span class=\"Y2IQFc\" lang=\"ca\">Estad\u00edstiques: aquestes cookies emmagatzemen informaci\u00f3 com el nombre de visitants del lloc web, el nombre de visitants \u00fanics, quines p\u00e0gines del lloc web s\u2019han visitat, la font de la visita, etc. Aquestes dades ens ajuden a comprendre i analitzar el rendiment del lloc web. i on cal millorar. <\/span><\/p>\n<p class=\"tw-data-text tw-text-large XcVN5d tw-ta\" data-placeholder=\"Traducci\u00f3\" dir=\"ltr\"><span class=\"Y2IQFc\" lang=\"ca\">M\u00e0rqueting: el nostre lloc web mostra anuncis. Aquestes cookies s\u2019utilitzen per personalitzar els anuncis que us mostrem de manera que siguin significatius per a vosaltres. Aquestes cookies tamb\u00e9 ens ajuden a fer un seguiment de l\u2019efici\u00e8ncia d\u2019aquestes campanyes publicit\u00e0ries. La informaci\u00f3 emmagatzemada en aquestes cookies tamb\u00e9 la poden utilitzar tercers prove\u00efdors d\u2019anuncis per mostrar-vos anuncis en altres llocs web del navegador.<\/span><\/p>\n<p class=\"tw-data-text tw-text-large XcVN5d tw-ta\" data-placeholder=\"Traducci\u00f3\" id=\"tw-target-text\" dir=\"ltr\"><span class=\"Y2IQFc\" lang=\"ca\">Funcionals: T S\u00f3n les cookies que ajuden a determinades funcionalitats no essencials del nostre lloc web. Aquestes funcionalitats inclouen incrustar contingut com v\u00eddeos o compartir contingut del lloc web a les plataformes de xarxes socials. Prefer\u00e8ncies: aquestes cookies ens ajuden a emmagatzemar la vostra configuraci\u00f3 i prefer\u00e8ncies de navegaci\u00f3, com ara les prefer\u00e8ncies d\u2019idioma, perqu\u00e8 tingueu una experi\u00e8ncia millor i eficient en futures visites al lloc web.<\/span><\/p>\n<p>[cookie_audit columns=\u00bbcookie,description\u00bb heading=\u00bbThe below list details the cookies used in our website.\u00bb]<\/p>\n<\/div>\n<h3>Com puc control\u00b7lar les prefer\u00e8ncies de les cookies?<\/h3>\n<div>\n<p class=\"tw-data-text tw-text-large XcVN5d tw-ta\" data-placeholder=\"Traducci\u00f3\" id=\"tw-target-text\" dir=\"ltr\"><span class=\"Y2IQFc\" lang=\"ca\">Si decidiu canviar les vostres prefer\u00e8ncies m\u00e9s endavant a trav\u00e9s de la sessi\u00f3 de navegaci\u00f3, podeu fer clic a la pestanya \u00abPol\u00edtica de privadesa i galetes\u00bb de la pantalla. Es mostrar\u00e0 de nou l&#8217;av\u00eds de consentiment que us permetr\u00e0 canviar les vostres prefer\u00e8ncies o retirar-lo completament. A m\u00e9s, diferents navegadors proporcionen m\u00e8todes diferents per bloquejar i eliminar les cookies que fan servir els llocs web. Podeu canviar la configuraci\u00f3 del vostre navegador per bloquejar \/ eliminar les cookies. Per obtenir m\u00e9s informaci\u00f3 sobre com gestionar i eliminar les cookies, visiteu wikipedia.org, <\/span>\u00a0www.allaboutcookies.org.<\/p>\n<\/div>\n<\/div>\n<p>[\/et_pb_text][\/et_pb_column][\/et_pb_row][\/et_pb_section]<\/p>\n","protected":false},"excerpt":{"rendered":"<p>Sobre aquesta pol\u00edtica de cookies Aquesta pol\u00edtica de cookies explica qu\u00e8 s\u00f3n les cookies i com les fem servir, els tipus de cookies que fem servir, \u00e9s a dir, la informaci\u00f3 que recopilem mitjan\u00e7ant cookies i com s\u2019utilitza aquesta informaci\u00f3 i com controlar les prefer\u00e8ncies de cookies. Per obtenir m\u00e9s informaci\u00f3 sobre com fem servir, [&hellip;]<\/p>\n","protected":false},"author":1,"featured_media":0,"parent":0,"menu_order":0,"comment_status":"closed","ping_status":"closed","template":"","meta":{"_et_pb_use_builder":"on","_et_pb_old_content":"<div class=\"cli_pg_page_contaner\"><h3>About this cookie policy<\/h3><div>Aquesta pol\u00edtica de cookies explica qu\u00e8 s\u00f3n les cookies i com les fem servir, els tipus de cookies que fem servir, \u00e9s a dir, la informaci\u00f3 que recopilem mitjan\u00e7ant cookies i com s\u2019utilitza aquesta informaci\u00f3 i com controlar les prefer\u00e8ncies de cookies. Per obtenir m\u00e9s informaci\u00f3 sobre com fem servir, emmagatzemem i mantenim segures les vostres dades personals, consulteu la nostra Pol\u00edtica de privadesa. Podeu canviar o retirar el vostre consentiment en qualsevol moment de la Declaraci\u00f3 de cookies del nostre lloc web.Obteniu m\u00e9s informaci\u00f3 sobre qui som, com podeu contactar amb nosaltres i com processem les dades personals a la nostra Pol\u00edtica de privadesa. El vostre consentiment s\u2019aplica als dominis seg\u00fcents: vergedelcastell.com[user_consent_state]<\/div><h3>What are cookies ?<\/h3><div>Cookies are small text files that are used to store small pieces of information. They are stored on your device when the website is loaded on your browser. These cookies help us make the website function properly, make it more secure, provide better user experience, and understand how the website performs and to analyze what works and where it needs improvement.<\/div><h3>How do we use cookies ?<\/h3><div>As most of the online services, our website uses first-party and third-party cookies for several purposes. First-party cookies are mostly necessary for the website to function the right way, and they do not collect any of your personally identifiable data.\n\nThe third-party cookies used on our website are mainly for understanding how the website performs, how you interact with our website, keeping our services secure, providing advertisements that are relevant to you, and all in all providing you with a better and improved user experience and help speed up your future interactions with our website.<\/div><h3>What types of cookies do we use ?<\/h3><div>Essential: Some cookies are essential for you to be able to experience the full functionality of our site. They allow us to maintain user sessions and prevent any security threats. They do not collect or store any personal information. For example, these cookies allow you to log-in to your account and add products to your basket, and checkout securely.\n\nStatistics: These cookies store information like the number of visitors to the website, the number of unique visitors, which pages of the website have been visited, the source of the visit, etc. These data help us understand and analyze how well the website performs and where it needs improvement.\n\nMarketing: Our website displays advertisements. These cookies are used to personalize the advertisements that we show to you so that they are meaningful to you. These cookies also help us keep track of the efficiency of these ad campaigns.\nThe information stored in these cookies may also be used by the third-party ad providers to show you ads on other websites on the browser as well.\n\nFunctional: TThese are the cookies that help certain non-essential functionalities on our website. These functionalities include embedding content like videos or sharing content of the website on social media platforms.\n\nPreferences: These cookies help us store your settings and browsing preferences like language preferences so that you have a better and efficient experience on future visits to the website.\n[cookie_audit columns=\"cookie,description\" heading=\"The below list details the cookies used in our website.\"]<\/div><h3>How can I control the cookie preferences ?<\/h3><div>Should you decide to change your preferences later through your browsing session, you can click on the \"Privacy &amp; Cookie Policy\" tab on your screen. This will display the consent notice again enabling you to change your preferences or withdraw your consent entirely.\n\nIn addition to this, different browsers provide different methods to block and delete cookies used by websites. You can change the settings of your browser to block\/delete the cookies. To find out more about how to manage and delete cookies, visit wikipedia.org, www.allaboutcookies.org.<\/div><\/div>","_et_gb_content_width":"","footnotes":""},"class_list":["post-538","page","type-page","status-publish","hentry"],"_links":{"self":[{"href":"https:\/\/vergedelcastell.com\/index.php?rest_route=\/wp\/v2\/pages\/538","targetHints":{"allow":["GET"]}}],"collection":[{"href":"https:\/\/vergedelcastell.com\/index.php?rest_route=\/wp\/v2\/pages"}],"about":[{"href":"https:\/\/vergedelcastell.com\/index.php?rest_route=\/wp\/v2\/types\/page"}],"author":[{"embeddable":true,"href":"https:\/\/vergedelcastell.com\/index.php?rest_route=\/wp\/v2\/users\/1"}],"replies":[{"embeddable":true,"href":"https:\/\/vergedelcastell.com\/index.php?rest_route=%2Fwp%2Fv2%2Fcomments&post=538"}],"version-history":[{"count":21,"href":"https:\/\/vergedelcastell.com\/index.php?rest_route=\/wp\/v2\/pages\/538\/revisions"}],"predecessor-version":[{"id":682,"href":"https:\/\/vergedelcastell.com\/index.php?rest_route=\/wp\/v2\/pages\/538\/revisions\/682"}],"wp:attachment":[{"href":"https:\/\/vergedelcastell.com\/index.php?rest_route=%2Fwp%2Fv2%2Fmedia&parent=538"}],"curies":[{"name":"wp","href":"https:\/\/api.w.org\/{rel}","templated":true}]}}